 + 10 + j*s. What is the tens digit of u(11)?
4
What is the thousands digit of -1 + 37832/14 + 28/(-98)?
2
Suppose 0 = l + 2*l - 105. Suppose 6*p - l = p. Suppose p*m = v + 2*m - 3, -2*m = -10. What is the units digit of v?
8
Let z(m) be the second derivative of 5*m**3/6 + 7*m. Let s be z(1). Let b(v) = v**3 - 5*v**2 + 7. What is the units digit of b(s)?
7
Let a(g) be the first derivative of -g**4/4 + 14*g**3/3 + 6*g**2 + 19*g - 3. Let m be a(15). What is the tens digit of ((-3)/(-6))/((-1)/m)?
1
Let q = -418 - -227. Let x = -90 - q. What is the hundreds digit of x?
1
Let t(r) = r + 9. Let p be t(-5). Suppose 3*n + n = 5*j + p, 3*n = -4*j + 3. Suppose -v - 3*m = -8*m - 49, j = -v + 3*m + 41. What is the units digit of v?
9
Suppose -2*f - 12*v = -11*v - 1934, 0 = -4*f + 2*v + 3868. What is the units digit of f?
7
Let t(v) = -v**2 - 13*v + 27. What is the tens digit of t(-14)?
1
Let q = 8215 - 4147. What is the hundreds digit of q?
0
What is the units digit of (-6)/10 + (-148520)/(-200) - 0?
2
Suppose u = c + 2*c - 4, -u = -2*c + 3. What is the tens digit of 191 - (-3 - (-4 - u))?
9
Let n(b) = 6*b + 10. Let v be n(-5). Let f = -4 - v. Let i = f + 6. What is the units digit of i?
2
What is the units digit of -424*1/(-5) - (-5)/25?
5
Let c(a) = 0 + 3*a - 2 + 3. Let m be c(5). What is the tens digit of (-59)/(-4) + 4/m?
1
Let u = -31 + 32. Let a = u + 84. What is the units digit of a?
5
Let t(j) = 196*j - 263. What is the units digit of t(6)?
3
Suppose -47 = -2*h + s, 3*s - 3 = -0*s. Let j(z) = -14 - 3*z - h*z + 6*z. What is the tens digit of j(-4)?
7
What is the tens digit of (((-90)/(-4))/9)/(17/19142)?
1
Let b(v) = -40*v**3 + 2*v**2 - 5*v + 52. What is the units digit of b(-5)?
7
Suppose 0*u = -3*u + 159. Suppose -b = -u + 4. What is the tens digit of b?
4
Suppose 0 = -5*o + 2*z + 2563, -2*o + 1538 = o - z. What is the tens digit of o?
1
Suppose -2*a - 3 = 3*d + a, 0 = 3*a + 15. Let v(r) = -1 + 0*r + 0*r - d*r. What is the units digit of v(-1)?
3
Let s = 2 - 1. Let d(q) = 41*q**2 - 7*q + 14. Let r(v) = 124*v**2 - 20*v + 39. Let m(l) = -11*d(l) + 4*r(l). What is the units digit of m(s)?
4
Let c = -811 + 1089. What is the units digit of c?
8
Let w = -16 - -172. What is the hundreds digit of w?
1
Let o(h) = -h**2 - 9*h - 1. Let m be o(-9). What is the units digit of -4*(2/m + -6)?
2
Suppose 0 = -f + 6*f + 80. Let t = 22 + f. Suppose -5*x - w + 45 = -t*w, x = 3*w + 19. What is the units digit of x?
4
Let p be (5 - 3) + -3 - -32. Let x = 58 - p. Suppose x = m - 0*l - 4*l, -4*l - 65 = -3*m. What is the tens digit of m?
1
Suppose 0 = -5*w + 2*w - 48. Suppose 5*m + 5*x - 100 = 0, 0 = m - 2*x - 2*x - 45. Let q = w + m. What is the units digit of q?
9
Suppose 5*z - 410 = 5*f, 4*z = f - 3*f + 352. Suppose 4*b = z + 454. What is the tens digit of b?
3
Let b = 5 - -51. Let c = 112 - b. What is the units digit of c?
6
Let z(f) = 21*f**2 + f**2 + 6*f + 3*f**3 - f**3 - 5 + 8*f. What is the tens digit of z(-10)?
5
Let n(x) = 361*x + 210. What is the tens digit of n(7)?
3
Let c(k) = 23*k**2 + k - 2. Let z be c(1). Suppose -q + 14 = -z. What is the tens digit of q?
3
Let r(a) be the second derivative of a**4/24 + 11*a**3/6 + a**2 + a. Let g(f) be the first derivative of r(f). What is the units digit of g(-8)?
3
Suppose -5*j + 4*j + 3*f + 185 = 0, -877 = -5*j - f. What is the units digit of j?
6
Let d(t) = t - 3. Let b be d(11). Suppose 3*k - 7 = b. Suppose 0*x = -4*p + 2*x + 144, -175 = -5*p + k*x. What is the units digit of p?
7
Let x(r) = r**3 + 7*r**2 + r + 12. Let f(o) = o**3 + 8*o**2 + o + 11. Let k(u) = 2*f(u) - 3*x(u). Let b be k(-6). Let i = -7 + b. What is the tens digit of i?
2
Let g(c) = c**2 + 12*c - 6. Let d(u) = u**3 + 2*u**2 + 2*u - 4. Let m be d(-3). What is the units digit of g(m)?
7
Let g(n) = -18*n + 8. Let r(k) = 36*k - 16. Let p(m) = 11*g(m) + 6*r(m). What is the units digit of p(4)?
4
Let o = -39 - -43. What is the units digit of o*(2 + (-33)/(-4))?
1
What is the units digit of 5/10*8 - (-8 + -878)?
0
Let m(l) = 11*l - 10*l + 2 - 3*l**2 + l**3 - 8 - 6*l**2. Suppose 0 = -3*i + 5*p + 42, -i = i + 3*p - 9. What is the units digit of m(i)?
3
What is the hundreds digit of 240798/78 + -2*2/26?
0
Let l(z) = -z**3 + 33*z**2 - 245*z + 23. What is the hundreds digit of l(15)?
3
Let h = -83 - -14. What is the units digit of -1*((-40)/(-12)*h - -3)?
7
Let a = 14 + -11. Let w = -7 + a. What is the units digit of ((-16)/28)/(w/14)?
2
Suppose -l + 35 = u, -4*u - 26 - 104 = -5*l. Suppose 9*c - 336 = 7*c. What is the units digit of c/l + (-2)/(-5)?
6
Let y(b) be the first derivative of 2*b**3/3 - b**2/2 + 11*b + 170. Suppose 0 = -5*t + 3*t. What is the tens digit of y(t)?
1
Suppose -2*n = -2*c - 254, -3*c - 249 = 4*n - 792. Suppose -3*q + 411 = -n. What is the hundreds digit of q?
1
Let k = 78 + -71. Suppose k*m - 1063 = 365. What is the hundreds digit of m?
2
Suppose -c - 32 = 55. Let o = c + 163. What is the units digit of o?
6
Suppose f = n + 91 + 402, 3*f + 5*n - 1503 = 0. What is the tens digit of f?
9
Let m(l) = 6*l**2 + 2*l + 13. What is the hundreds digit of m(7)?
3
Let c = 33 + -14. Let g = c + -16. Suppose s + 34 = g*s. What is the tens digit of s?
1
Let p be (-24)/(-7) + 27/(-63). Suppose -5*b = d - 254, -p*b - 2*d + 3*d = -146. Suppose -3*o = -o - b. What is the tens digit of o?
2
Suppose 4*b - y = 1828 - 698, -3*b + 845 = -2*y. What is the units digit of b?
3
Suppose -2*q - 232 = -o, -1127 = -5*o - q - 0*q. What is the hundreds digit of o?
2
Suppose -5*q + 389 = 3*b, 3*b - 382 = 3*q - q. Let j = b + -33. What is the tens digit of j?
9
Suppose -z - 1 = -u, -2*u = 2*u - 3*z - 5. Let w(v) = -4 + 6 + 2 - 10*v - 9*v**u - v**3 + 3. What is the units digit of w(-8)?
3
Let q(f) = -f**3 + 11*f**2 - 12*f + 21. Let b be q(9). Suppose 4*r + z = 453, -2*r + 147 = -4*z - b. What is the units digit of r?
3
Suppose -3*y = 7 - 88. Let g = 54 + y. What is the tens digit of g?
8
Let x = -6 + 8. Let w(p) = -p**2 + p + 2. Let v be w(2). Suppose v*c + 102 = x*c. What is the tens digit of c?
5
What is the units digit of (-9)/54 - (-1)/(6/1741)?
0
Let h(y) = 2*y**3 + 2*y**2 - y - 1. Let b(a) = 2*a**3 + 2*a**2 - a - 1. Let g(q) = -4*b(q) + 5*h(q). What is the units digit of g(2)?
1
Let x(j) = -8*j - 4. Let b be ((-147)/(-6))/7*-2. Let g be x(b). Let t = -4 + g. What is the units digit of t?
8
Suppose 3*v = 5*q - 6535, -q + 5*v + 3905 = 2*q. Suppose 0*f + q = 5*f. What is the units digit of f?
2
What is the tens digit of (74 - 1) + 0 + (0 - 0)?
7
Let r = 720 - 704. What is the tens digit of r?
1
Let h(g) = g**2 - 2*g - 10. Let k be h(4). Let b(i) = -7*i**3 + i**2 - 1. What is the units digit of b(k)?
9
Let u be (4 - (-38)/(-5))*-30. Suppose -5*q - w = -220, 2*q - w - u = -20. What is the tens digit of q?
4
Suppose 2*t - 10 = 5*b - 120, 0 = 5*b - 4*t - 110. Let p(s) = -s**2 + 26*s + 2. What is the tens digit of p(b)?
9
Let c(a) = -2*a**3 + a**2 - a + 1. Let o be c(1). What is the units digit of ((-1375)/(-15) + o)*(-1 + 4)?
2
Suppose 2874 = 2*f - 632. What is the units digit of f?
3
Let g be -1 + (5 + -3 - -4). Let f be (6/g)/((-22)/55). Let w(x) = -2*x**3 - 5*x**2 - 2*x + 3. What is the tens digit of w(f)?
1
Let z = 1073 + -86. What is the hundreds digit of z?
9
Suppose -5*w = 2*k - 527, 3*k + 0*w - w = 833. Let o(r) = 3*r**2 - 1. Let y be o(1). What is the units digit of (k/(-36))/(y/(-6))?
3
Let p(h) = h**2 + 3*h - 4. Let d be p(-3). Let y = 2 - 1. What is the tens digit of 8/d + 22/y?
2
Suppose 4*m = -4*j + 5920, j + 1496 = 2*j + 5*m. What is the units digit of j?
6
Let s(p) = -2*p**3 + 60*p**2 - 47*p + 101. What is the tens digit of s(27)?
0
Suppose 11*z + 24*z - 3395 = 0. What is the units digit of z?
7
Let s = -1017 - -2575. What is the units digit of s?
8
Let c be -3 + 1 + -2 + 0. Let f be ((-1)/(-2))/(c/16). What is the units digit of (3/6)/(f/(-4))?
1
Suppose 0 = -15*b + 42843 + 7017. What is the tens digit of b?
2
Let w be 8/(-28) - (-60)/14. Let g be ((-11)/22 + (-2)/12)*-432. Suppose -g = -0*f - w*f. What is the units digit of f?
2
Let y(j) = 14*j**2 - 2. Let q be y(-2). Suppose 118*t + 537 = 121*t. Suppose -q + t = 5*p. What is the tens digit of p?
2
Let o(u) = -40*u**3 + 4*u**2 - 2*u + 29. What is the tens digit of o(-4)?
6
Let m = -434 + 884. What is t